reatest common divisor of 2216 and 4207076.
1108
Calculate the highest common factor of 5664 and 1968.
48
What is the highest common factor of 34 and 10876498?
34
What is the greatest common factor of 2159763 and 267?
267
What is the greatest common factor of 145923 and 254?
127
What is the greatest common divisor of 4212 and 23022?
18
What is the highest common factor of 27288 and 288?
72
Calculate the highest common divisor of 312 and 1119936.
24
Calculate the greatest common factor of 443409 and 305.
61
What is the highest common divisor of 1984 and 95936?
64
Calculate the greatest common divisor of 1753 and 3923214.
1753
Calculate the highest common divisor of 411 and 217419.
411
What is the greatest common divisor of 10830633 and 1551?
1551
Calculate the greatest common divisor of 12469 and 32689.
337
Calculate the greatest common divisor of 10266 and 116.
58
What is the greatest common factor of 857830 and 70?
10
Calculate the greatest common divisor of 80 and 698200.
40
What is the highest common factor of 235278 and 54?
54
Calculate the highest common factor of 28 and 135380.
28
What is the highest common factor of 112543 and 1?
1
What is the greatest common factor of 155460 and 36?
12
What is the highest common factor of 5 and 199765?
5
Calculate the highest common divisor of 20588 and 44.
4
What is the highest common factor of 261174 and 493?
29
Calculate the highest common factor of 60 and 471696.
12
What is the highest common divisor of 428 and 37878?
214
What is the greatest common factor of 434299 and 47141?
1003
What is the greatest common divisor of 38 and 342076?
38
What is the highest common divisor of 30 and 7675950?
30
What is the highest common factor of 880 and 106960?
80
Calculate the greatest common factor of 24648 and 13656.
24
What is the highest common divisor of 19 and 336851?
19
What is the highest common divisor of 81 and 6993?
27
Calculate the greatest common factor of 94554 and 102.
102
What is the greatest common divisor of 32273 and 413?
59
What is the highest common divisor of 512 and 248?
8
What is the greatest common divisor of 36103 and 553?
79
Calculate the greatest common factor of 5149684 and 76.
76
Calculate the highest common divisor of 74 and 2340398.
74
What is the greatest common divisor of 482 and 315951?
241
What is the highest common divisor of 1817 and 644?
23
Calculate the greatest common divisor of 2052 and 63916.
76
Calculate the greatest common divisor of 576543 and 1584.
33
What is the highest common divisor of 35520 and 61440?
960
Calculate the greatest common divisor of 30 and 2406.
6
Calculate the greatest common divisor of 119130 and 220.
110
What is the greatest common factor of 2235 and 2615?
5
What is the highest common factor of 279984 and 480?
48
Calculate the greatest common factor of 14 and 70595.
7
What is the highest common divisor of 57 and 255873?
57
Calculate the greatest common divisor of 396 and 4363524.
396
Calculate the highest common factor of 85 and 17527.
17
What is the highest common divisor of 74440 and 16?
8
What is the highest common divisor of 78144 and 792?
264
What is the highest common divisor of 572 and 1947?
11
What is the highest common factor of 444 and 137529?
111
Calculate the highest common factor of 78 and 4367168.
26
Calculate the greatest common factor of 946 and 216806.
86
What is the highest common divisor of 814307 and 39?
13
What is the highest common factor of 1408 and 7808?
128
Calculate the greatest common divisor of 203 and 42049.
7
What is the highest common divisor of 72 and 12969?
9
What is the highest common factor of 38652 and 36?
12
Calculate the greatest common divisor of 11438 and 6251.
133
Calculate the greatest common divisor of 13289 and 5432.
97
What is the greatest common divisor of 174200 and 78?
26
Calculate the greatest common factor of 42785 and 23435.
215
Calculate the highest common factor of 225 and 305.
5
What is the greatest common factor of 50467 and 545?
109
Calculate the highest common divisor of 278825 and 1425.
475
Calculate the greatest common factor of 7531 and 42085.
443
Calculate the highest common factor of 18 and 2192148.
18
What is the highest common factor of 1154127 and 2637?
879
What is the greatest common divisor of 108102 and 1290?
258
What is the greatest common divisor of 447 and 2760?
3
Calculate the greatest common factor of 80640 and 700.
140
Calculate the highest common divisor of 3200 and 75.
25
Calculate the greatest common factor of 62001 and 45567.
747
Calculate the greatest common factor of 202133 and 1441.
131
Calculate the highest common divisor of 851775 and 600.
75
What is the highest common divisor of 30 and 34314?
6
Calculate the greatest common factor of 62 and 4718.
2
What is the highest common divisor of 659 and 1977?
659
Calculate the greatest common divisor of 186 and 357708.
6
What is the highest common divisor of 284 and 12345480?
284
Calculate the greatest common factor of 201328 and 112.
16
What is the highest common divisor of 5002 and 47314?
82
What is the highest common divisor of 154 and 1358?
14
What is the greatest common divisor of 3403 and 1927?
41
What is the highest common divisor of 91446 and 42?
6
What is the highest common factor of 93 and 97557?
93
What is the greatest common divisor of 1111 and 18964?
11
What is the greatest common factor of 645 and 11481?
129
What is the highest common factor of 535318 and 56?
14
Calculate the highest common divisor of 19149 and 975.
39
Calculate the highest common divisor of 202 and 8383.
101
Calculate the greatest common divisor of 192 and 30524.
4
Calculate the greatest common factor of 3795 and 27071.
253
Calculate the highest common factor of 2014 and 154090.
38
Calculate the highest common divisor of 1113 and 31641.
159
Calculate the highest common factor of 496 and 9612.
4
What is the greatest common factor of 453 and 488183?
151
Calculate the greatest common factor of 42074 and 1930.
386
What is the highest common divisor of 624520 and 6?
2
Calculate the greatest common divisor of 243 and 113319.
81
What is the greatest common factor of 520 and 667800?
40
What is the highest common divisor of 4802 and 868?
14
What is the greatest common factor of 32 and 141536?
32
Calculate the highest common factor of 226 and 131645.
113
What is the greatest common divisor of 63108 and 24?
12
Calculate the greatest common factor of 98852 and 416.
52
What is the highest common divisor of 2008 and 591607?
251
What is the highest common factor of 4 and 8324?
4
Calculate the greatest common factor of 2761 and 176.
11
What is the highest common factor of 84918 and 24?
6
Calculate the highest common factor of 32 and 540128.
32
What is the greatest common factor of 355556 and 515?
103
Calculate the greatest common factor of 8 and 11188.
4
What is the highest common factor of 468 and 47775?
39
Calculate the greatest common divisor of 72 and 48912.
24
Calculate the highest common divisor of 145 and 1950.
5
What is the highest common divisor of 16 and 113132?
4
What is the highest common divisor of 129142 and 494?
26
Calculate the greatest common factor of 83555 and 85.
85
Calculate the highest common factor of 720 and 316188.
36
Calculate the highest common factor of 21664 and 11.
1
Calculate the highest common factor of 11475 and 2586975.
1275
Calculate the highest common divisor of 1196700 and 15.
15
Calculate the highest common factor of 960 and 3570.
30
What is the greatest common divisor of 1034474 and 38?
38
What is the highest common factor of 450 and 79425?
225
What is the highest common factor of 138771 and 5355?
153
Calculate the highest common divisor of 264 and 88176.
264
Calculate the greatest common factor of 33080 and 160.
40
Calculate the highest common factor of 1161 and 2125791.
1161
Calculate the highest common factor of 378 and 698166.
378
Calculate the greatest common factor of 44880 and 714.
102
Calculate the greatest common divisor of 28 and 94626.
14
Calculate the greatest common divisor of 6532 and 4828.
284
What is the greatest common divisor of 1148723 and 445?
89
What is the highest common factor of 88 and 962544?
88
What is the greatest common factor of 952545 and 69?
69
Calculate the highest common factor of 17